it of 340515?
1
What is the millions digit of 9563315?
9
What is the tens digit of 18812976?
7
What is the units digit of 5799083?
3
What is the hundreds digit of 77850?
8
What is the ten thousands digit of 37296?
3
What is the hundreds digit of 1053865?
8
What is the hundreds digit of 23654761?
7
What is the units digit of 1307781?
1
What is the tens digit of 2688619?
1
What is the hundred thousands digit of 17274828?
2
What is the tens digit of 79961?
6
What is the thousands digit of 1797444?
7
What is the hundreds digit of 14630?
6
What is the tens digit of 8678318?
1
What is the hundreds digit of 303371?
3
What is the ten millions digit of 18852984?
1
What is the ten millions digit of 14010621?
1
What is the ten thousands digit of 2998106?
9
What is the thousands digit of 109247?
9
What is the hundred thousands digit of 2058034?
0
What is the hundred thousands digit of 216855?
2
What is the millions digit of 24658980?
4
What is the hundred thousands digit of 2308132?
3
What is the millions digit of 1492665?
1
What is the hundreds digit of 7590712?
7
What is the hundreds digit of 8980716?
7
What is the tens digit of 16248552?
5
What is the ten thousands digit of 904204?
0
What is the hundreds digit of 21151?
1
What is the hundreds digit of 1237012?
0
What is the millions digit of 8740864?
8
What is the thousands digit of 7637462?
7
What is the hundred thousands digit of 32206736?
2
What is the units digit of 233991?
1
What is the units digit of 1293877?
7
What is the millions digit of 2294807?
2
What is the units digit of 81050?
0
What is the ten thousands digit of 145461?
4
What is the ten thousands digit of 1196323?
9
What is the ten thousands digit of 148218?
4
What is the units digit of 8887757?
7
What is the thousands digit of 3626169?
6
What is the tens digit of 370465?
6
What is the thousands digit of 114199?
4
What is the ten thousands digit of 766125?
6
What is the millions digit of 3535930?
3
What is the thousands digit of 19759978?
9
What is the units digit of 864703?
3
What is the hundreds digit of 607218?
2
What is the units digit of 340487?
7
What is the tens digit of 3139184?
8
What is the hundred thousands digit of 6323245?
3
What is the hundreds digit of 12906131?
1
What is the ten thousands digit of 178923?
7
What is the tens digit of 318827?
2
What is the tens digit of 9640067?
6
What is the thousands digit of 718227?
8
What is the tens digit of 62210?
1
What is the ten thousands digit of 238883?
3
What is the units digit of 205000?
0
What is the tens digit of 3309610?
1
What is the units digit of 583261?
1
What is the millions digit of 14403068?
4
What is the ten thousands digit of 1412267?
1
What is the units digit of 614825?
5
What is the units digit of 36071186?
6
What is the thousands digit of 78669?
8
What is the thousands digit of 23981929?
1
What is the hundred thousands digit of 518199?
5
What is the thousands digit of 8592336?
2
What is the tens digit of 113967?
6
What is the ten thousands digit of 905858?
0
What is the ten thousands digit of 1668540?
6
What is the thousands digit of 5551313?
1
What is the tens digit of 77695?
9
What is the ten thousands digit of 2145354?
4
What is the hundred thousands digit of 2038441?
0
What is the millions digit of 21216633?
1
What is the thousands digit of 2588117?
8
What is the hundreds digit of 74656?
6
What is the thousands digit of 265228?
5
What is the hundreds digit of 137421?
4
What is the hundred thousands digit of 13703674?
7
What is the hundreds digit of 151457?
4
What is the units digit of 2473951?
1
What is the tens digit of 327091?
9
What is the units digit of 3017423?
3
What is the ten thousands digit of 142291?
4
What is the hundreds digit of 451320?
3
What is the ten thousands digit of 134276?
3
What is the thousands digit of 47024?
7
What is the thousands digit of 326226?
6
What is the hundred thousands digit of 131679?
1
What is the units digit of 382001?
1
What is the hundred thousands digit of 12054632?
0
What is the units digit of 1218472?
2
What is the hundred thousands digit of 4239025?
2
What is the tens digit of 1141199?
9
What is the ten thousands digit of 340914?
4
What is the hundreds digit of 33355349?
3
What is the ten thousands digit of 301068?
0
What is the millions digit of 7730428?
7
What is the hundreds digit of 5874091?
0
What is the thousands digit of 925668?
5
What is the units digit of 233034?
4
What is the hundred thousands digit of 11297571?
2
What is the thousands digit of 7499376?
9
What is the hundred thousands digit of 4818921?
8
What is the hundreds digit of 104680?
6
What is the thousands digit of 2992599?
2
What is the tens digit of 3585411?
1
What is the ten thousands digit of 10548765?
4
What is the thousands digit of 695629?
5
What is the tens digit of 1807133?
3
What is the units digit of 197081?
1
What is the tens digit of 217256?
5
What is the ten thousands digit of 4449145?
4
What is the millions digit of 17909353?
7
What is the hundreds digit of 559292?
2
What is the hundreds digit of 3215920?
9
What is the thousands digit of 410236?
0
What is the thousands digit of 12799145?
9
What is the hundred thousands digit of 13589025?
5
What is the hundred thousands digit of 14253067?
2
What is the hundreds digit of 11098?
0
What is the tens digit of 191022?
2
What is the tens digit of 197159?
5
What is the units digit of 195839?
9
What is the units digit of 40865386?
6
What is the hundred thousands digit of 3395283?
3
What is the millions digit of 3263372?
3
What is the units digit of 3934523?
3
What is the units digit of 352739?
9
What is the thousands digit of 1277219?
7
What is the millions digit of 2524618?
2
What is the ten thousands digit of 1191631?
9
What is the thousands digit of 495632?
5
What is the ten thousands digit of 9104714?
0
What is the hundred thousands digit of 5965198?
9
What is the ten thousands digit of 163609?
6
What is the ten thousands digit of 365257?
6
What is the millions digit of 3418272?
3
What is the tens digit of 99788?
8
What is the ten thousands digit of 124602?
2
What is the tens digit of 1967082?
8
What is the hundreds digit of 709387?
3
What is the units digit of 3535908?
8
What is the ten thousands digit of 1776132?
7
What is the hundred thousands digit of 681682?
6
What is the units digit of 673383?
3
What is the millions digit of 6645218?
6
What is the tens digit of 1199295?
9
What is the ten thousands digit of 133296?
3
What is the millions digit of 1019688?
1
What is the ten millions digit of 10520314?
1
What is the units digit of 101554?
4
What is the ten thousands digit of 8778693?
7
What is the hundreds digit of 85008?
0
What is the hundreds digit of 879722?
7
What is the ten thousands digit of 4353580?
5
What is the tens digit of 5229?
2
What is the hundred thousands digit of 1727432?
7
What is the tens digit of 33832360?
6
What is the units digit of 39529?
9
What is the units digit of 354683?
3
What is the hundred thousands digit of 1921782?
9
What is the thousands digit of 56156?
6
What is the hundred thousands digit of 23163599?
1
What is the millions digit of 2263982?
2
What is the tens digit of 2214365?
6
What is the ten thousands digit of 736366?
3
What is the thousands digit of 63626?
3
What is the tens digit of 643697?
9
What is the ten thousands digit of 341366?
4
What is the millions digit of 5528851?
5
What is the hundreds digit of 5481938?
9
What is the hundred thousands digit of 665482?
6
What is the hundreds digit of 251821?
8
What is the thousands digit of 78053?
8
What is the ten thousands digit of 459559?
5
What is the thousands digit of 14682162?
2
What is the thousands digit of 412046?
2
What is the hundreds digit of 172711?
7
What is the millions digit of 24973281?
4
What is the millions digit of 2383225?
2
What is the ten thousands digit of 4791373?
9
What is the tens digit of 982897?
9
What is the units digit of 380376?
6
What is the hundreds digit of 7477382?
3
What is the units digit of 24593?
3
What is the tens digit of 1034271?
7
What is the millions digit of 2530026?
2
What is the hundreds digit of 1504700?
7
What is the hundred thousands digit of 156029?
1
What is the thousands digit of 145363?
5
What is the ten thousands digit of 779624?
7
What i